ded by o(6).
19
Let w be (-2)/(0 - 2) - -1. Suppose -5*v + 110 = -w*b - 2*b, 5*v - 115 = 3*b. Calculate the remainder when v is divided by 7.
5
Let o(x) = -2*x**3 - x**2 + 1. Let f be o(-1). Let u be 0 + 1 - 6/f. What is the remainder when 19 is divided by 4/u*14/(-4)?
5
Let w(k) = 24*k**3 - 1. Suppose -2*c - o + 18 = 2*o, -4*c - 3*o + 42 = 0. What is the remainder when w(1) is divided by c?
11
Let y = -2 + 11. Calculate the remainder when 23 is divided by y.
5
Let v = -3 + 5. Suppose 59 - 199 = -v*j. What is the remainder when j is divided by 24?
22
Suppose -2*j + 0*j + 166 = 2*w, -3*w - 2*j + 244 = 0. Suppose -3*u + 0*u + 60 = 0. What is the remainder when w is divided by u?
18
Suppose -5*h = 4*k + 81, 0*k + 4*k - 89 = 5*h. Let r = h - -35. Calculate the remainder when 35 is divided by r.
17
Let h = -121 - -274. What is the remainder when h is divided by 13?
10
Suppose 0 = -x + 5*j + 7 + 7, 4*j = 4*x - 136. Calculate the remainder when x is divided by 27.
12
Suppose 0 = -0*q + 3*q - 3. Let p = 3 + q. Suppose 0 = -3*i - d + 7 + 6, -2*d = i + p. Calculate the remainder when 16 is divided by i.
4
Suppose -f = -u - 3*f - 10, -4*u + 4*f = 28. Let k(c) = c**2 + 8*c + 12. Calculate the remainder when 22 is divided by k(u).
10
Let y(v) = v**2 - 9. Suppose 0 = -5*t - 4*o - o + 85, -36 = -2*t - o. What is the remainder when y(-8) is divided by t?
17
What is the remainder when 2/7*1 + (-173)/(-7) is divided by 14?
11
Let g(h) = 7*h**3 + 2*h**2 - h. What is the remainder when 47 is divided by g(1)?
7
Suppose 60 = 4*k - 2*l, -4*k = l + 3*l - 48. What is the remainder when 67 is divided by k?
11
Let j be (-82)/4*-2 + 0. Let k = j + -17. Let y = 10 - 1. What is the remainder when k is divided by y?
6
Let r = -5 - -8. Calculate the remainder when 7 is divided by r.
1
Let d(v) = 3*v + 54. Calculate the remainder when d(-8) is divided by 17.
13
Suppose 3*k + k - 4*z - 188 = 0, -3*k + 141 = 3*z. Suppose 4*d - k - 1 = 0. Let y = 17 + d. What is the remainder when y is divided by 10?
9
Suppose -35*g - 26 = -37*g. Let z = 2 + 47. Calculate the remainder when z is divided by g.
10
Let q = 0 + 3. Suppose 5*z + p = q*p + 176, -5*p = 5*z - 190. Suppose -3*t + 64 - 7 = 0. What is the remainder when z is divided by t?
17
Let f be -3 + 24/(2 + 1). Let q = f - -5. What is the remainder when 18 is divided by q?
8
Let c be -30*((-21)/6 + 3). Let l(p) = -2*p + 2 + c + p. What is the remainder when 66 is divided by l(0)?
15
Suppose 9 = 4*f - 31. Let t = -5 + f. What is the remainder when t is divided by 3?
2
Let s be (21/14)/((-6)/(-8)). Calculate the remainder when 2 is divided by 0 - (-2 - (s - 3)).
0
Let g(n) be the third derivative of n**5/60 - n**4/12 - n**3/6 - 3*n**2. Calculate the remainder when 2 is divided by g(3).
0
Let d = -8 - -11. Suppose -3*x + 85 = 2*x - 2*z, 0 = d*x + 4*z - 51. Calculate the remainder when 33 is divided by x.
16
Let c(y) = 35*y + 6. What is the remainder when c(3) is divided by 16?
15
Let h = 22 - 15. Suppose -h*y = -2*y - 50. What is the remainder when 38 is divided by y?
8
Let y(r) = -r + 6. Let s be y(-9). Suppose 27 = 3*v - s. Calculate the remainder when 41 is divided by v.
13
Suppose 3*g + 20 = 6*g + 2*z, 0 = 2*z + 10. Suppose -4*f = 0, -4*y = y + f - g. Let i(h) = h + 2. What is the remainder when i(3) is divided by y?
1
Let t(j) = j**2 + 6*j - 7. Suppose 0*c - 4*c = 36. What is the remainder when t(c) is divided by 11?
9
Calculate the remainder when 2/(-2 + 24/9) is divided by 1.
0
Suppose -z + y = -3, -2*y = z + 3*y - 21. Suppose 3*i = z + 48. Calculate the remainder when 35 is divided by i.
17
Suppose -276 = -4*q + 4*g, -12 - 61 = -q - g. What is the remainder when q is divided by 25?
21
Let c(h) be the third derivative of -h**5/60 - h**4/3 - h**3/6 + h**2. What is the remainder when c(-6) is divided by 7?
4
Suppose 5*v = -2*c - 18, 2*c - 2 = 8*v - 3*v. Let t be 22 + (v - -4) + -1. Let i = -8 + t. What is the remainder when i is divided by 8?
7
Let f = -46 + 71. Calculate the remainder when f is divided by 1/(20/18 + -1).
7
Suppose 4 = -2*r, -u - 2*r - 103 = -4*u. What is the remainder when 96 is divided by u?
30
Suppose 3*q - 2 = 1. Let t = q + 17. Calculate the remainder when 34 is divided by t.
16
Suppose t - 87 = -2*t. What is the remainder when t is divided by (-64)/(-6) - 18/27?
9
Suppose -82 = 4*h - 102. What is the remainder when 17 is divided by h?
2
Suppose -4*y = 2*t - 126, y + 25 = 5*t + 84. Suppose -5*u + 51 = -y. Suppose 6*l = 2*l + 36. Calculate the remainder when u is divided by l.
8
Suppose -4 = -4*d + 4. Suppose d = 4*q - 10. Calculate the remainder when 3 is divided by q.
0
Let i = -3 - -9. What is the remainder when i is divided by 4?
2
Let q(t) = 40*t**2. Let v be q(-1). Let x = 62 - v. Calculate the remainder when x is divided by 12.
10
Suppose 0 = u + 7*w - 2*w - 13, 77 = 4*u - 5*w. What is the remainder when u is divided by 7?
4
Suppose -r + 20 + 6 = 0. Calculate the remainder when 51 is divided by r.
25
What is the remainder when (304/(-20) - -2)*-5 is divided by 34?
32
Let a be (-2)/2 + 15 - 0. Suppose -v + a = -17. Let k = -16 + 32. Calculate the remainder when v is divided by k.
15
Let z = 9 + -5. Suppose -2*h + 46 = -z*f, -5*h = -6*f + f - 90. Let o = 24 - h. What is the remainder when 32 is divided by o?
10
Let q(d) = 7*d**2 + d**3 - 3*d + 0*d**2 + 4*d**2 + 6 - 4*d**2. Calculate the remainder when q(-7) is divided by 7.
6
Suppose -2 = -p + 3. Calculate the remainder when 14 is divided by p.
4
Let x = 31 - 16. What is the remainder when 6/x + (-69)/(-15) is divided by 4?
1
Let f = -10 - -10. Suppose -2*g + f*s - 8 = 4*s, -3*s + 3 = 3*g. Let m = 28 - 17. What is the remainder when m is divided by g?
5
Let q(u) = -u**2 + 12*u + 5. Let z = 16 - 4. Calculate the remainder when 24 is divided by q(z).
4
Let t be 0/2 - (7 - 23). Let q = t - 2. What is the remainder when 26 is divided by q?
12
Let m = 1 - -3. Let w(x) = -2*x**2 + 13*x**2 - x**2 + m - 3. What is the remainder when 31 is divided by w(-1)?
9
Suppose 4*c = -5*o + 210, 3*o - o + c - 81 = 0. Calculate the remainder when o is divided by 10.
8
Suppose s - f + 3*f = 17, -5*s - f + 49 = 0. What is the remainder when (1 - 114/12)/((-1)/2) is divided by s?
8
Suppose 0*b - b = -4*y + 55, -38 = -3*y + 4*b. Suppose 5*l - 114 - 236 = 0. Let n = -43 + l. Calculate the remainder when n is divided by y.
13
Let k(y) = -y**3 + y + 36. What is the remainder when k(0) is divided by 13?
10
Let g be (-3)/(-1) - (1 - 3). What is the remainder when 46 is divided by ((-1)/2)/(g/(-240))?
22
Suppose 2*t + t - 138 = 0. Let a = t - 23. What is the remainder when 91 is divided by a?
22
Let b(l) = l**2 + 4*l + 7. Suppose 5*m = 4*o + 110, -8*m = -6*m + 2*o - 44. Calculate the remainder when m is divided by b(-5).
10
Suppose 7*g = -8*g + 915. What is the remainder when g is divided by 32?
29
Suppose 3*v = -i + 419, -5*v - i + 697 = -0*v. What is the remainder when v is divided by 47?
45
Suppose -3*q - 112 = -5*n + 3, 0 = -3*n - 4*q + 69. What is the remainder when n is divided by 6?
5
Suppose 0 = 3*p + w - 63, 0*p = 4*p - 3*w - 71. Calculate the remainder when p is divided by 6.
2
Calculate the remainder when (-3 - -70) + (-1 - -2) is divided by 14.
12
Let y = -1 - 0. Suppose 0 = -s - 4*z - 15 + 50, -3*z = s - 37. Calculate the remainder when s is divided by (y + 0 + 23)/2.
10
Calculate the remainder when 39 is divided by (5 - 2) + (4 - -2) - -1.
9
Let b = -7 + 62. Calculate the remainder when b is divided by 28.
27
Let p be 2 + 1 + -11 + 10. Let m(d) = 9*d - 3. Calculate the remainder when m(p) is divided by 8.
7
Let t(c) be the first derivative of c**4/4 + 2*c**3 + c**2 + c + 1. Suppose 4 = -r + 13. What is the remainder when t(-4) is divided by r?
7
Suppose -2*x = -11 - 29. Let y(o) = -o**2 + 4*o + 2. Let b be y(6). Let u = b + 17. What is the remainder when x is divided by u?
6
Suppose y + 3*w + 7 - 23 = 0, -3*y + 34 = 2*w. Let r(x) = -x - 8. Let j be r(0). Calculate the remainder when 3*j*6/(-8) is divided by y.
8
Let w(a) = -5*a - 12. Calculate the remainder when 20 is divided by w(-3).
2
What is the remainder when 197 is divided by -4 + 378/10 - (-4)/(-5)?
32
Suppose -m - 11 = 4*c, m - 2*c - 3 = c. Calculate the remainder when 31 is divided by 0 + 1*(-33)/m.
9
Let h(w